3)) + -21.
-10
Calculate -6 + -1 - (-32 + 18).
7
Evaluate -134 + 121 + (0 - -24 - 3).
8
Calculate 3 + 3 - 6 - (0 + (-27 - -3)).
24
Calculate 29 - (-9 - (3 + -29) - 3).
15
Calculate 0 + -6 + (-2 + 15 - 17).
-10
(-43 - -47) + (-1 - -5 - (-2 + 1))
9
-3 + -6 + (5 - -11)
7
What is the value of 12 + (-459 - -461 - (-3 - (-1 + 2)))?
18
Calculate -12 - (7 + -11 - 6).
-2
(-16 - -16 - -6) + (6 - -1)
13
-32 - -75 - 40 - (3 - 23)
23
Calculate 4 + 17 + -9 - 7.
5
Calculate 7 - (-3 + 3 + -5 + -3).
15
Evaluate 3 - (8 + -2 - 20).
17
(7 - 1) + (-12 + 0 - (5 + -8))
-3
What is the value of 2 + -6 + (-6 + 6 - 4)?
-8
What is the value of 28 - (11 - (-9 + -3))?
5
What is -2 - 0 - ((-15 - -19) + -12 - -4)?
2
What is the value of -31 - (-16 - (-23 - -25))?
-13
Calculate (-1 - -1) + (79 + -65 - (-3 + 0)).
17
Evaluate (9 - 12) + (17 - (2 - -6)).
6
Evaluate (6 - (12 - 17)) + -21.
-10
What is the value of 28 + -28 + -14 - -34?
20
What is 2 + (3 - (-8 + 41)) + 7 - 0?
-21
Calculate 23 + 23 + (-30 - 16).
0
Calculate (-5 - -8) + -15 + (-4 - -33).
17
Calculate 0 - -1 - (5 + (15 - 1 - 10)).
-8
Calculate 2 - (-2 + 5 + -2 + 5) - -4.
0
What is -2 - 3 - (14 + 8 + -6 + -14)?
-7
What is the value of 10 + (3 - 5) - (16 - 20)?
12
What is 4 + (8 - (51 - 23))?
-16
What is the value of (10 - (-8 - -13 - 8 - -6)) + -20?
-13
What is the value of -21 + (29 + -3 - -14)?
19
Calculate (-51 - (-17 - -5)) + -4 - -16.
-27
Evaluate (-13 - -43) + (-10 - -1 - 1).
20
What is -2 + 10 - -4 - (-6 - -5) - 4?
9
What is (1 - -4) + (-42 + 23 - -19)?
5
What is -9 + (9 - -11) - -3?
14
What is (14 - -16) + (24 + -3 - 18)?
33
Calculate (1 - (4 + 2)) + -3 + 10 + -10.
-8
What is -35 + 16 + 54 + -19?
16
What is the value of (-14 - -8) + 14 + 7 + 11 + -12?
14
(10 - (51 - 49)) + (0 - (-5 - 0))
13
What is the value of 2 - (-97 + 33 - -34)?
32
What is the value of (10 - (6 + -17 - 4)) + 11 + -9?
27
What is (-5 - 0) + (32 - 13 - (2 - -2))?
10
Evaluate 3 + -1 - 11 - (44 + -34).
-19
What is the value of 11 - (26 + (11 - 20))?
-6
Evaluate (1 - -14) + ((-11 - -6) + 10 - 5).
15
Evaluate -1 - -22 - (516 - 493).
-2
What is (-11 - (-10 - -7)) + 1?
-7
Calculate -348 - -347 - (0 + 11).
-12
Calculate 0 + (0 - -16) + (0 - (-2 - -7)).
11
What is the value of 0 + (3 - 3) + 25 - (172 + -178)?
31
What is -5 + 7 + -13 + 14 - (-3 - -1)?
5
-11 + 44 + (1 - 1) + (111 - 111)
33
What is the value of -18 - (-30 + 26 + -9)?
-5
14 + (-4 - (-15 + 13))
12
What is -32 + 45 + (0 - 12) - (-7 - -1)?
7
What is the value of (2 - 1) + (1 - 18 - (-14 + 9))?
-11
(1 - -3) + -11 + (17 - 6)
4
What is the value of -31 - (33 + -60 - -14)?
-18
What is (1 - (-6 - -2)) + -42 + -7 + 16?
-28
Calculate 5 - (11 + -7) - 3.
-2
What is 1 + -8 - (-1 - 32 - (-60 + 47))?
13
5 + -44 + (-22 - -38) + -1
-24
What is the value of 37 + -21 - (5 - -1)?
10
Calculate -5 + (16 + -31 - -12 - (-20 + 1)).
11
What is the value of 52 + -62 - (3 + -16)?
3
What is (13 - 1) + (-37 - 9) + 35?
1
What is 195 - 196 - (-3 + (0 - -11))?
-9
What is 800 + -793 + 27 + 2?
36
Calculate 2 + 5 + (-20 - -10).
-3
Evaluate -7 + 7 - (-3 + 9 + -5 - -4).
-5
7 - 16 - (5 - (5 + 8))
-1
Evaluate (-59 - -31) + (-1 - -12).
-17
What is the value of (-15 - -23) + -16 + (8 - (1 + 0))?
-1
What is 6 - (30 - 11) - (-4 + (-1 - 1))?
-7
Evaluate 5 + -12 - (-1 + -2 + 2 + 16).
-22
Calculate (-33 + 18 - -24) + -16.
-7
Evaluate (2 - 12) + (-14 + 5 - -13).
-6
Evaluate (6 + -1 - 2) + (2 + 1 - 1).
5
Calculate (23 - (-8 - 8)) + -26.
13
Calculate 61 + -31 + 19 - 28.
21
0 + 0 - (0 + -12 + 2 + 27)
-17
What is the value of -7 - (57 + -62 - (0 + 6))?
4
What is (-60 - -44) + (3 - -10 - 2)?
-5
3 - (-7 - -17 - 0)
-7
67 - (32 + -18 + 25)
28
Calculate -37 + -17 - (-39 + 4).
-19
What is -9 + (11 - (1 - -3)) - -7 - 12?
-7
What is the value of -42 + 72 - 30 - (8 + 1) - -5?
-4
-16 + 11 - (5 - (2 + 3))
-5
-1 + 6 + (-2 - (-5 + (-7 - -1)))
14
What is (7 - (-14 + (5 - 4) + 11)) + -34?
-25
4 + (2 - 11) + (-1 - -7)
1
Evaluate -8 + 0 + 5 + 4 + 6.
7
Calculate 2 - 1 - (-6 + -6).
13
-4 - (-2 - (16 + -10 + (12 - -3)))
19
Calculate -25 - -44 - (7 + 21).
-9
Calculate (-13 - 1 - (1 + -1)) + (272 - 280).
-22
11 - (7 - 22) - 16 - 5
5
What is -9 - (0 - (-2 + 37)) - -11?
37
What is (62 - 59) + (6 - -3)?
12
What is -12 - (-12 - (-2 + -7)) - (19 - 7)?
-21
Evaluate (-14 + 10 + 3 - 19) + (-6 - -1).
-25
What is the value of -8 - (-48 - (-34 - -26))?
32
What is the value of 8 + 3 + -9 - 7 - -7?
2
What is the value of -5 + -6 + (5 - 7) + -1 + 2?
-12
Calculate 21 + 0 + -22 + 23.
22
Calculate -275 + 310 - (-2 + -7 + 5).
39
(-16 + -1 + 12 - (-1 + -10)) + -1
5
Calculate 5 - -1 - (-6 + (7 - (11 - 13))).
3
What is -10 - (1 + -10) - 15?
-16
What is 19 + 22 + -51 + 9?
-1
What is (-18 - (-1 + 17)) + 5?
-29
-4 + (1 + 3 - -2) - (-12 - -4)
10
What is the value of (24 + -27 - 16) + -17?
-36
What is the value of -1 - (4 - 2) - ((22 - 15) + -21)?
11
Evaluate 2 + 0 + -11 + 3 + 3 + -1.
-4
Calculate 6 + -25 + 6 + (1 - -4).
-8
Evaluate -4 - (21 + -4 - 4 - 5).
-12
Calculate -12 - (8 - -6) - -26 - (1 + 30).
-31
What is -23 + 71 - (-18 + (13 - -24))?
29
What is the value of 3 - (1 + (-9 - -18) - 8)?
1
-7 - (0 - 13 - (-11 + 5))
0
What is -3 + (-6 - -3) + (0 + 1 - 3)?
-8
What is (-20 - (4 - -2)) + (9 - -3)?
-14
Evaluate -33 + 4 - -2 - -15.
-12
What is (-1 - -2 - 8) + (-85 - -89)?
-3
What is 16 - ((4 - -5) + 6)?
1
What is 11 - 1 - (-12 + 53 + -36)?
5
Evaluate -56 + 64 + (1 - -2 - -1).
12
What is the value of -42 + 3 + -12 + 29?
-22
-26 - (-6 + 1 - 2) - 9
-28
What is the value of (-95 - -87) + (0 - (1 - 11))?
2
(3 - -30) + -22 - (-3 + 9)
5
Evaluate (-7 - 4) + 21 + -1.
9
Calculate -46 - -31 - -1 - 0.
-14
Evaluate -10 + 2 + (120 - 112) - -14.
14
Calculate 49 - (27 - (-1 - -11)).
32
Evaluate 3 + 14 + (7 - 35).
-11
What is 27 - (-18 - -5) - 17?
23
What is -39 + 21 + 5 + 31?
18
Evaluate -3 - 16 - (100 - 99).
-20
What is (0 - (1 - 1) - 0 - 3) + -1?
-4
Calculate -4 - -17 - (-7 - -11) - -6.
15
Calculate (-12 - (-18 + 1) - -1) + 1 + -1.
6
Evaluate 1 - (-11 + 3 - (-26 - -20)).
3
Evaluate (0 - 31) + (119 - 122) + (11 - -2).
-21
-13 + (1 + -3 + 1 - -7) - 4
-11
38 + -19 + -3 + (3 - -5)
24
11 + -27 - (2 + (-12 - -5))
-11
Evaluate 18 + (-10 + -5 - -6 - 12).
-3
Evaluate -7 + (2 - 2) + -2 + 10.
1
What is -4 - 14 - (-3 + -20)?
5
What is the value of 6 + (5 + (-2 - 4) - (1 + 5))?
-1
-9 + (-2 - -8 - 1 - (20 - 13))
-11
What is 60 - 69 - (16 + (6 - (1 + 4)))?
-26
Evaluate -15 - (1 + -14) - -5.
3
Calculate -2 + (-2 - (3 + (2 - 3))).
-6
What is the value of 21 - (13 - -11) - (2 - (1 - 15))?
-19
What is 268 + -263 + (-4 - 1)?
0
Evaluate 1 - (6 - 9) - (5 - -6).
-7
Evaluate -2 + -3 + 4 + (-356 - -350).
-7
(39 - 37) + (1 - (23 + -9))
-11
Evaluate (16 - 8) + 2 + -6 - -21.
25
3 - (0 - (4 + -25 + -1 + 4))
-15
What is the value of 17 + (-11 - (-13 + 8)) + 1?
12
Calculate (2 - 41 - -28) + 23.
12
4 - (-5 - 13) - (20 - (0 + 23))
25
What is the value of ((29 - 21) + -37 - (-10 - -1)) + -3?
-23
Calculate 5 + (9 - 3) + 10 + (-1 - 8).
12
-24 - -1 - (-526 + 517)
-14
What is 25 - -3 - (8 + -22 + 19 + 0)?
23
What is the value of 18 + -22 + 5 + (0 - -7)?
8
Calculate -7 - (-8 - (-2 - 0) - (-2 - 2)).
-5
What is the value of (10 - 7) + (17 - 22)?
-2
What is the value of ((38 - 36) + -11 + 0 - -3) + 17?
11
Calculate -11 + -6 + -1 + 34.
16
What is the value of -3 + (-1 - -1) + (-8 - -5 - -3)?
-3
1 + -13 + 3 - -14 - -24
29
Calculate (12 - (3 + (-14 - -21))) + -7.
-5
What is -1 - 6 - -10 - (61 + -63)?
5
Evaluate -11 - -17 - ((1 - 7) + 5 + -14).
21
What is 54 - 53 - (-2 - (-8 - 3))?
-8
Evaluate (8 + 5 - 17) + (6 - 0) + 1.
3
Evaluate -8 + 10 + -3 + -9 + 1.
-9
-1 + -36 + -2 - (102 - 115)
-26
Calculate (9 - 3 - 0) + -28 + 36.
14
Evaluate 29 + -20 - (-2 + -8 + 6 + -4).
17
Evaluate -5 + 6 + -3 - (-5 + 6 - -3).
-6
Evaluate (-8 - -6) + (18 + -5 - -1).
12
What is -21 + (-8 - -34) - -7?
12
-12 + 25 + (-25 - 15)
-27
What is the value of -51 + 56 - (4 + -1) - (1 + -13)?
14
Calculate 30 + -7 + -2 + -20.
1
What is (17 + -4 - (-1 - -3)) + (-405 - -383)?
-11
What is -9 + 1 + 40 + -32?
0
What is the value of -5 - (-1 + -20 + 15 - (1 + -5))?
-3
What is (13 - 4) + -9 + 2 + 0?
2
What is 16 - (1 + 7 + (4 - 8))?
12
(-13 - (-12 + -4)) + (0 + 1 - -1)
5
Calculate (3 - -8 - (0 + 10)) + (-5 - 1).
-5
4 - (-13 + 13) - (-4 - (-2 - 0))
6
What is -35 + (15 - 3) + -83 + 87